{"id":8,"date":"2023-04-26T14:36:47","date_gmt":"2023-04-26T12:36:47","guid":{"rendered":"http:\/\/voilerie-code0.fr\/?page_id=8"},"modified":"2024-11-29T12:05:52","modified_gmt":"2024-11-29T11:05:52","slug":"voilerie-code-0","status":"publish","type":"page","link":"https:\/\/voilerie-code0.fr\/","title":{"rendered":"Voilerie Code 0"},"content":{"rendered":"\n<div class=\"wp-block-uagb-container uagb-block-a6e125e5 alignfull uagb-is-root-container\"><div class=\"uagb-container-inner-blocks-wrap\">\n<div class=\"wp-block-uagb-advanced-heading uagb-block-6694ecbf\"><h1 class=\"uagb-heading-text\">Voilerie Code 0<\/h1><\/div>\n<\/div><\/div>\n\n\n\n<div class=\"wp-block-uagb-container uagb-block-76bcab48 alignfull uagb-is-root-container\"><div class=\"uagb-container-inner-blocks-wrap\"><\/div><\/div>\n\n\n\n<p class=\"has-text-align-center\">La Voilerie Code 0 vous propose tout un large choix de r\u00e9alisations pour le bateau et la maison.<\/p>\n\n\n\n<p class=\"has-text-align-center\">Pour le bateau nous r\u00e9alisons aussi des \u00e9pissures.<\/p>\n\n\n\n<p class=\"has-text-align-center\">Nous r\u00e9alisons nous m\u00eame les travaux pour vous apporter la plus grande qualit\u00e9.<\/p>\n\n\n\n<div class=\"wp-block-buttons is-content-justification-center is-layout-flex wp-container-core-buttons-is-layout-a89b3969 wp-block-buttons-is-layout-flex\">\n<div class=\"wp-block-button is-style-fill\"><a class=\"wp-block-button__link has-background wp-element-button\" href=\"https:\/\/voilerie-code0.fr\/index.php\/contact\/\" style=\"background-color:#a8d0c4\">N&rsquo;h\u00e9sitez pas \u00e0 nous contacter !<\/a><\/div>\n<\/div>\n\n\n\n<div style=\"height:65px\" aria-hidden=\"true\" class=\"wp-block-spacer\"><\/div>\n\n\n\n<h2 class=\"wp-block-heading has-text-align-center\">Voiles et gr\u00e9ements dans le Golfe de Saint Tropez<\/h2>\n\n\n\n<div class=\"wp-block-columns alignwide is-layout-flex wp-container-core-columns-is-layout-28f84493 wp-block-columns-is-layout-flex\">\n<div class=\"wp-block-column is-layout-flow wp-block-column-is-layout-flow\">\n<p>Notre atelier situ\u00e9 \u00e0 Grimaud Village, dans le golfe de Saint-Tropez, r\u00e9alise sur mesure tous les travaux suivants :<\/p>\n\n\n\n<ul class=\"wp-block-list\">\n<li>Fabrication de voiles de croisi\u00e8re et de course\/croisi\u00e8re, de tauds de soleil, de housses de b\u00f4me, de winches et de barres \u00e0 roue.<\/li>\n\n\n\n<li>Fourniture de c\u00e2bles inox monotorons VMG, d&rsquo;enrouleurs de voiles FACNOR et d&rsquo;accastillage HARKEN.<\/li>\n\n\n\n<li>R\u00e9paration de tous types de voiles et de tauds.<\/li>\n\n\n\n<li>Matelotage de cordage GLEISTEIN Ropes, la qualit\u00e9 allemande : fabrication sur mesure de lazy jack \u00e9piss\u00e9s en spectra d\u00e9gain\u00e9 GLEISTEIN, de manilles textiles en Spectra (soft shackles) et d\u2019amarres.<\/li>\n\n\n\n<li>Cuir chrom\u00e9 pleine fleur trait\u00e9 mer : gainage de barres \u00e0 roue, embouts de barre de fl\u00eaches, protection de ridoirs et embouts de fili\u00e8res.<\/li>\n<\/ul>\n<\/div>\n\n\n\n<div class=\"wp-block-column is-layout-flow wp-block-column-is-layout-flow\">\n<figure class=\"wp-block-image size-full is-resized is-style-default wp-duotone-536b87-ffffff-1\"><img loading=\"lazy\" decoding=\"async\" width=\"600\" height=\"450\" src=\"http:\/\/voilerie-code0.fr\/wp-content\/uploads\/2023\/04\/190116-151844p5290013.jpg\" alt=\"voiles et gr\u00e9ements golfe de saint-tropez\" class=\"wp-image-25\" style=\"width:533px;height:400px\" srcset=\"https:\/\/voilerie-code0.fr\/wp-content\/uploads\/2023\/04\/190116-151844p5290013.jpg 600w, https:\/\/voilerie-code0.fr\/wp-content\/uploads\/2023\/04\/190116-151844p5290013-300x225.jpg 300w\" sizes=\"auto, (max-width: 600px) 100vw, 600px\" \/><\/figure>\n<\/div>\n<\/div>\n\n\n\n<p>Nous intervenons \u00e0 l\u2019ann\u00e9e dans tous les ports du Golfe de Saint-Tropez et sommes connus pour notre r\u00e9activit\u00e9 et nos prix serr\u00e9s. Contactez-nous pour vos projets de voilerie et de matelotage sur mesure.<\/p>\n\n\n\n<p><em>Nous avons travaill\u00e9 sur tous types de bateaux. Du&nbsp;d\u00e9riveur (opti, 470, Hobie cat&nbsp;etc) &nbsp;jusqu&rsquo;au super yacht (Lupa, Skylark,&nbsp;Kauris III, Kialoa IV, Alfa Romeo, Karenita, Naarida etc ).<\/em><\/p>\n\n\n\n<figure class=\"wp-block-gallery alignwide has-nested-images columns-5 is-cropped wp-block-gallery-2 is-layout-flex wp-block-gallery-is-layout-flex\">\n<figure class=\"wp-block-image size-large\"><a href=\"http:\/\/voilerie-code0.fr\/wp-content\/uploads\/2023\/04\/160116-103150PA140006-2.jpg\"><img loading=\"lazy\" decoding=\"async\" width=\"423\" height=\"600\" data-id=\"26\" src=\"http:\/\/voilerie-code0.fr\/wp-content\/uploads\/2023\/04\/160116-103150PA140006-2.jpg\" alt=\"\" class=\"wp-image-26\" srcset=\"https:\/\/voilerie-code0.fr\/wp-content\/uploads\/2023\/04\/160116-103150PA140006-2.jpg 423w, https:\/\/voilerie-code0.fr\/wp-content\/uploads\/2023\/04\/160116-103150PA140006-2-212x300.jpg 212w\" sizes=\"auto, (max-width: 423px) 100vw, 423px\" \/><\/a><\/figure>\n\n\n\n<figure class=\"wp-block-image size-large\"><a href=\"http:\/\/voilerie-code0.fr\/wp-content\/uploads\/2023\/04\/160116-103428P3090001.jpg\"><img loading=\"lazy\" decoding=\"async\" width=\"600\" height=\"450\" data-id=\"30\" src=\"http:\/\/voilerie-code0.fr\/wp-content\/uploads\/2023\/04\/160116-103428P3090001.jpg\" alt=\"\" class=\"wp-image-30\" srcset=\"https:\/\/voilerie-code0.fr\/wp-content\/uploads\/2023\/04\/160116-103428P3090001.jpg 600w, https:\/\/voilerie-code0.fr\/wp-content\/uploads\/2023\/04\/160116-103428P3090001-300x225.jpg 300w\" sizes=\"auto, (max-width: 600px) 100vw, 600px\" \/><\/a><\/figure>\n\n\n\n<figure class=\"wp-block-image size-large\"><a href=\"http:\/\/voilerie-code0.fr\/wp-content\/uploads\/2023\/04\/160116-103922P9190093.jpg\"><img loading=\"lazy\" decoding=\"async\" width=\"600\" height=\"450\" data-id=\"28\" src=\"http:\/\/voilerie-code0.fr\/wp-content\/uploads\/2023\/04\/160116-103922P9190093.jpg\" alt=\"\" class=\"wp-image-28\" srcset=\"https:\/\/voilerie-code0.fr\/wp-content\/uploads\/2023\/04\/160116-103922P9190093.jpg 600w, https:\/\/voilerie-code0.fr\/wp-content\/uploads\/2023\/04\/160116-103922P9190093-300x225.jpg 300w\" sizes=\"auto, (max-width: 600px) 100vw, 600px\" \/><\/a><\/figure>\n\n\n\n<figure class=\"wp-block-image size-large\"><a href=\"http:\/\/voilerie-code0.fr\/wp-content\/uploads\/2023\/04\/160116-105943P5290010.jpg\"><img loading=\"lazy\" decoding=\"async\" width=\"450\" height=\"600\" data-id=\"27\" src=\"http:\/\/voilerie-code0.fr\/wp-content\/uploads\/2023\/04\/160116-105943P5290010.jpg\" alt=\"\" class=\"wp-image-27\" srcset=\"https:\/\/voilerie-code0.fr\/wp-content\/uploads\/2023\/04\/160116-105943P5290010.jpg 450w, https:\/\/voilerie-code0.fr\/wp-content\/uploads\/2023\/04\/160116-105943P5290010-225x300.jpg 225w\" sizes=\"auto, (max-width: 450px) 100vw, 450px\" \/><\/a><\/figure>\n\n\n\n<figure class=\"wp-block-image size-large\"><a href=\"http:\/\/voilerie-code0.fr\/wp-content\/uploads\/2023\/04\/210114-114217P1210003.jpg\"><img loading=\"lazy\" decoding=\"async\" width=\"532\" height=\"600\" data-id=\"31\" src=\"http:\/\/voilerie-code0.fr\/wp-content\/uploads\/2023\/04\/210114-114217P1210003.jpg\" alt=\"\" class=\"wp-image-31\" srcset=\"https:\/\/voilerie-code0.fr\/wp-content\/uploads\/2023\/04\/210114-114217P1210003.jpg 532w, https:\/\/voilerie-code0.fr\/wp-content\/uploads\/2023\/04\/210114-114217P1210003-266x300.jpg 266w\" sizes=\"auto, (max-width: 532px) 100vw, 532px\" \/><\/a><\/figure>\n\n\n\n<figure class=\"wp-block-image size-large\"><a href=\"http:\/\/voilerie-code0.fr\/wp-content\/uploads\/2023\/04\/210114-114803P7020005.jpg\"><img loading=\"lazy\" decoding=\"async\" width=\"450\" height=\"600\" data-id=\"29\" src=\"http:\/\/voilerie-code0.fr\/wp-content\/uploads\/2023\/04\/210114-114803P7020005.jpg\" alt=\"\" class=\"wp-image-29\" srcset=\"https:\/\/voilerie-code0.fr\/wp-content\/uploads\/2023\/04\/210114-114803P7020005.jpg 450w, https:\/\/voilerie-code0.fr\/wp-content\/uploads\/2023\/04\/210114-114803P7020005-225x300.jpg 225w\" sizes=\"auto, (max-width: 450px) 100vw, 450px\" \/><\/a><\/figure>\n\n\n\n<figure class=\"wp-block-image size-large\"><a href=\"http:\/\/voilerie-code0.fr\/wp-content\/uploads\/2023\/04\/210114-115233P2140047.jpg\"><img loading=\"lazy\" decoding=\"async\" width=\"450\" height=\"600\" data-id=\"33\" src=\"http:\/\/voilerie-code0.fr\/wp-content\/uploads\/2023\/04\/210114-115233P2140047.jpg\" alt=\"\" class=\"wp-image-33\" srcset=\"https:\/\/voilerie-code0.fr\/wp-content\/uploads\/2023\/04\/210114-115233P2140047.jpg 450w, https:\/\/voilerie-code0.fr\/wp-content\/uploads\/2023\/04\/210114-115233P2140047-225x300.jpg 225w\" sizes=\"auto, (max-width: 450px) 100vw, 450px\" \/><\/a><\/figure>\n\n\n\n<figure class=\"wp-block-image size-large\"><a href=\"http:\/\/voilerie-code0.fr\/wp-content\/uploads\/2023\/04\/240312-105449winch-harken-60-1.jpg\"><img loading=\"lazy\" decoding=\"async\" width=\"450\" height=\"600\" data-id=\"35\" src=\"http:\/\/voilerie-code0.fr\/wp-content\/uploads\/2023\/04\/240312-105449winch-harken-60-1.jpg\" alt=\"\" class=\"wp-image-35\" srcset=\"https:\/\/voilerie-code0.fr\/wp-content\/uploads\/2023\/04\/240312-105449winch-harken-60-1.jpg 450w, https:\/\/voilerie-code0.fr\/wp-content\/uploads\/2023\/04\/240312-105449winch-harken-60-1-225x300.jpg 225w\" sizes=\"auto, (max-width: 450px) 100vw, 450px\" \/><\/a><\/figure>\n\n\n\n<figure class=\"wp-block-image size-large\"><a href=\"http:\/\/voilerie-code0.fr\/wp-content\/uploads\/2023\/04\/250214-162803P1270003.jpg\"><img loading=\"lazy\" decoding=\"async\" width=\"600\" height=\"450\" data-id=\"32\" src=\"http:\/\/voilerie-code0.fr\/wp-content\/uploads\/2023\/04\/250214-162803P1270003.jpg\" alt=\"\" class=\"wp-image-32\" srcset=\"https:\/\/voilerie-code0.fr\/wp-content\/uploads\/2023\/04\/250214-162803P1270003.jpg 600w, https:\/\/voilerie-code0.fr\/wp-content\/uploads\/2023\/04\/250214-162803P1270003-300x225.jpg 300w\" sizes=\"auto, (max-width: 600px) 100vw, 600px\" \/><\/a><\/figure>\n\n\n\n<figure class=\"wp-block-image size-large\"><a href=\"http:\/\/voilerie-code0.fr\/wp-content\/uploads\/2023\/04\/290113-121105DSC09251.jpg\"><img loading=\"lazy\" decoding=\"async\" width=\"600\" height=\"450\" data-id=\"34\" src=\"http:\/\/voilerie-code0.fr\/wp-content\/uploads\/2023\/04\/290113-121105DSC09251.jpg\" alt=\"\" class=\"wp-image-34\" srcset=\"https:\/\/voilerie-code0.fr\/wp-content\/uploads\/2023\/04\/290113-121105DSC09251.jpg 600w, https:\/\/voilerie-code0.fr\/wp-content\/uploads\/2023\/04\/290113-121105DSC09251-300x225.jpg 300w\" sizes=\"auto, (max-width: 600px) 100vw, 600px\" \/><\/a><\/figure>\n\n\n\n<figure class=\"wp-block-image size-large\"><a href=\"http:\/\/voilerie-code0.fr\/wp-content\/uploads\/2023\/04\/290113-133336lupa2.jpg\"><img loading=\"lazy\" decoding=\"async\" width=\"540\" height=\"362\" data-id=\"36\" src=\"http:\/\/voilerie-code0.fr\/wp-content\/uploads\/2023\/04\/290113-133336lupa2.jpg\" alt=\"\" class=\"wp-image-36\" srcset=\"https:\/\/voilerie-code0.fr\/wp-content\/uploads\/2023\/04\/290113-133336lupa2.jpg 540w, https:\/\/voilerie-code0.fr\/wp-content\/uploads\/2023\/04\/290113-133336lupa2-300x201.jpg 300w\" sizes=\"auto, (max-width: 540px) 100vw, 540px\" \/><\/a><\/figure>\n\n\n\n<figure class=\"wp-block-image size-large\"><a href=\"http:\/\/voilerie-code0.fr\/wp-content\/uploads\/2023\/04\/300112-164625skylark-enrouleur-2.jpg\"><img loading=\"lazy\" decoding=\"async\" width=\"450\" height=\"600\" data-id=\"37\" src=\"http:\/\/voilerie-code0.fr\/wp-content\/uploads\/2023\/04\/300112-164625skylark-enrouleur-2.jpg\" alt=\"\" class=\"wp-image-37\" srcset=\"https:\/\/voilerie-code0.fr\/wp-content\/uploads\/2023\/04\/300112-164625skylark-enrouleur-2.jpg 450w, https:\/\/voilerie-code0.fr\/wp-content\/uploads\/2023\/04\/300112-164625skylark-enrouleur-2-225x300.jpg 225w\" sizes=\"auto, (max-width: 450px) 100vw, 450px\" \/><\/a><\/figure>\n\n\n\n<figure class=\"wp-block-image size-large\"><a href=\"http:\/\/voilerie-code0.fr\/wp-content\/uploads\/2023\/04\/300112-164758housse-de-roof-4.jpg\"><img loading=\"lazy\" decoding=\"async\" width=\"600\" height=\"450\" data-id=\"38\" src=\"http:\/\/voilerie-code0.fr\/wp-content\/uploads\/2023\/04\/300112-164758housse-de-roof-4.jpg\" alt=\"\" class=\"wp-image-38\" srcset=\"https:\/\/voilerie-code0.fr\/wp-content\/uploads\/2023\/04\/300112-164758housse-de-roof-4.jpg 600w, https:\/\/voilerie-code0.fr\/wp-content\/uploads\/2023\/04\/300112-164758housse-de-roof-4-300x225.jpg 300w\" sizes=\"auto, (max-width: 600px) 100vw, 600px\" \/><\/a><\/figure>\n<\/figure>\n\n\n\n<p><\/p>\n","protected":false},"excerpt":{"rendered":"<p>La Voilerie Code 0 vous propose tout un large choix de r\u00e9alisations pour le bateau et la maison. Pour le bateau nous r\u00e9alisons aussi des \u00e9pissures. Nous r\u00e9alisons nous m\u00eame les travaux pour vous apporter la plus grande qualit\u00e9. Voiles et gr\u00e9ements dans le Golfe de Saint Tropez Notre atelier situ\u00e9 \u00e0 Grimaud Village, dans [&hellip;]<\/p>\n","protected":false},"author":2,"featured_media":0,"parent":0,"menu_order":0,"comment_status":"closed","ping_status":"closed","template":"","meta":{"_uag_custom_page_level_css":"","site-sidebar-layout":"default","site-content-layout":"","ast-site-content-layout":"default","site-content-style":"default","site-sidebar-style":"default","ast-global-header-display":"","ast-banner-title-visibility":"","ast-main-header-display":"","ast-hfb-above-header-display":"","ast-hfb-below-header-display":"","ast-hfb-mobile-header-display":"","site-post-title":"disabled","ast-breadcrumbs-content":"","ast-featured-img":"","footer-sml-layout":"","ast-disable-related-posts":"","theme-transparent-header-meta":"","adv-header-id-meta":"","stick-header-meta":"","header-above-stick-meta":"","header-main-stick-meta":"","header-below-stick-meta":"","astra-migrate-meta-layouts":"default","ast-page-background-enabled":"default","ast-page-background-meta":{"desktop":{"background-color":"var(--ast-global-color-4)","background-image":"","background-repeat":"repeat","background-position":"center center","background-size":"auto","background-attachment":"scroll","background-type":"","background-media":"","overlay-type":"","overlay-color":"","overlay-opacity":"","overlay-gradient":""},"tablet":{"background-color":"","background-image":"","background-repeat":"repeat","background-position":"center center","background-size":"auto","background-attachment":"scroll","background-type":"","background-media":"","overlay-type":"","overlay-color":"","overlay-opacity":"","overlay-gradient":""},"mobile":{"background-color":"","background-image":"","background-repeat":"repeat","background-position":"center center","background-size":"auto","background-attachment":"scroll","background-type":"","background-media":"","overlay-type":"","overlay-color":"","overlay-opacity":"","overlay-gradient":""}},"ast-content-background-meta":{"desktop":{"background-color":"var(--ast-global-color-5)","background-image":"","background-repeat":"repeat","background-position":"center center","background-size":"auto","background-attachment":"scroll","background-type":"","background-media":"","overlay-type":"","overlay-color":"","overlay-opacity":"","overlay-gradient":""},"tablet":{"background-color":"var(--ast-global-color-5)","background-image":"","background-repeat":"repeat","background-position":"center center","background-size":"auto","background-attachment":"scroll","background-type":"","background-media":"","overlay-type":"","overlay-color":"","overlay-opacity":"","overlay-gradient":""},"mobile":{"background-color":"var(--ast-global-color-5)","background-image":"","background-repeat":"repeat","background-position":"center center","background-size":"auto","background-attachment":"scroll","background-type":"","background-media":"","overlay-type":"","overlay-color":"","overlay-opacity":"","overlay-gradient":""}},"footnotes":""},"class_list":["post-8","page","type-page","status-publish","hentry"],"uagb_featured_image_src":{"full":false,"thumbnail":false,"medium":false,"medium_large":false,"large":false,"1536x1536":false,"2048x2048":false},"uagb_author_info":{"display_name":"G\u00e9rard DAMBRY","author_link":"https:\/\/voilerie-code0.fr\/index.php\/author\/gerard-pc83\/"},"uagb_comment_info":0,"uagb_excerpt":"La Voilerie Code 0 vous propose tout un large choix de r\u00e9alisations pour le bateau et la maison. Pour le bateau nous r\u00e9alisons aussi des \u00e9pissures. Nous r\u00e9alisons nous m\u00eame les travaux pour vous apporter la plus grande qualit\u00e9. Voiles et gr\u00e9ements dans le Golfe de Saint Tropez Notre atelier situ\u00e9 \u00e0 Grimaud Village, dans\u2026","_links":{"self":[{"href":"https:\/\/voilerie-code0.fr\/index.php\/wp-json\/wp\/v2\/pages\/8","targetHints":{"allow":["GET"]}}],"collection":[{"href":"https:\/\/voilerie-code0.fr\/index.php\/wp-json\/wp\/v2\/pages"}],"about":[{"href":"https:\/\/voilerie-code0.fr\/index.php\/wp-json\/wp\/v2\/types\/page"}],"author":[{"embeddable":true,"href":"https:\/\/voilerie-code0.fr\/index.php\/wp-json\/wp\/v2\/users\/2"}],"replies":[{"embeddable":true,"href":"https:\/\/voilerie-code0.fr\/index.php\/wp-json\/wp\/v2\/comments?post=8"}],"version-history":[{"count":31,"href":"https:\/\/voilerie-code0.fr\/index.php\/wp-json\/wp\/v2\/pages\/8\/revisions"}],"predecessor-version":[{"id":223,"href":"https:\/\/voilerie-code0.fr\/index.php\/wp-json\/wp\/v2\/pages\/8\/revisions\/223"}],"wp:attachment":[{"href":"https:\/\/voilerie-code0.fr\/index.php\/wp-json\/wp\/v2\/media?parent=8"}],"curies":[{"name":"wp","href":"https:\/\/api.w.org\/{rel}","templated":true}]}}